of 344227?
13, 26479
What are the prime factors of 622112?
2, 19441
What are the prime factors of 1432931?
1432931
List the prime factors of 22053107.
859, 25673
List the prime factors of 482818.
2, 7, 34487
List the prime factors of 413594.
2, 227, 911
List the prime factors of 185517.
3, 6871
What are the prime factors of 757723?
37, 20479
List the prime factors of 36191283.
3, 17, 73, 9721
List the prime factors of 247614.
2, 3, 41269
What are the prime factors of 14950548?
2, 3, 17, 479
What are the prime factors of 34912?
2, 1091
What are the prime factors of 369443?
127, 2909
What are the prime factors of 2322691?
7, 41, 8093
List the prime factors of 6507069.
3, 41, 52903
What are the prime factors of 5421589?
17, 318917
What are the prime factors of 1769623?
1769623
What are the prime factors of 158120?
2, 5, 59, 67
What are the prime factors of 18418002?
2, 3, 3069667
What are the prime factors of 968858?
2, 11, 47, 937
List the prime factors of 8724580.
2, 5, 379, 1151
List the prime factors of 47423.
47, 1009
What are the prime factors of 313661?
313661
What are the prime factors of 24980699?
31, 191, 4219
What are the prime factors of 534938?
2, 267469
List the prime factors of 3662031.
3, 607, 2011
List the prime factors of 6903892.
2, 229, 7537
List the prime factors of 1284535.
5, 7, 107
What are the prime factors of 391573?
7, 13, 331
What are the prime factors of 3321843?
3, 7, 317, 499
List the prime factors of 526776.
2, 3, 47, 467
What are the prime factors of 2392399?
317, 7547
What are the prime factors of 415323?
3, 46147
What are the prime factors of 49450?
2, 5, 23, 43
What are the prime factors of 20272731?
3, 809, 8353
List the prime factors of 8871421.
13, 682417
What are the prime factors of 9910115?
5, 19, 73, 1429
List the prime factors of 29696.
2, 29
What are the prime factors of 414999?
3, 13, 3547
List the prime factors of 251637.
3, 37, 2267
What are the prime factors of 766216?
2, 11, 8707
What are the prime factors of 405275?
5, 13, 29, 43
What are the prime factors of 1798526?
2, 899263
What are the prime factors of 4004680?
2, 5, 53, 1889
List the prime factors of 1603488.
2, 3, 16703
What are the prime factors of 12280714?
2, 43, 142799
List the prime factors of 168204.
2, 3, 107, 131
What are the prime factors of 69711?
3, 19, 1223
What are the prime factors of 373963?
373963
List the prime factors of 120467.
179, 673
What are the prime factors of 3944?
2, 17, 29
What are the prime factors of 1011295?
5, 257, 787
List the prime factors of 3113155.
5, 67, 9293
List the prime factors of 109051.
167, 653
What are the prime factors of 35196?
2, 3, 7, 419
List the prime factors of 6028315.
5, 1205663
List the prime factors of 127331.
127331
What are the prime factors of 231455?
5, 7, 17, 389
What are the prime factors of 8371711?
157, 53323
What are the prime factors of 469829?
17, 29, 953
What are the prime factors of 2799211?
2799211
What are the prime factors of 8408356?
2, 11, 191099
List the prime factors of 29288034.
2, 3, 542371
List the prime factors of 729367.
729367
What are the prime factors of 7260999?
3, 2420333
What are the prime factors of 20716646?
2, 2063, 5021
List the prime factors of 3741884.
2, 37, 131, 193
List the prime factors of 1371221.
349, 3929
List the prime factors of 19094744.
2, 439, 5437
What are the prime factors of 1282512?
2, 3, 7, 11, 347
What are the prime factors of 5048986?
2, 41, 67, 919
List the prime factors of 7387.
83, 89
What are the prime factors of 129987?
3, 11, 13, 101
What are the prime factors of 521183?
13, 47, 853
List the prime factors of 93157.
19, 4903
List the prime factors of 2635009.
13, 202693
List the prime factors of 225299.
225299
List the prime factors of 368899.
368899
List the prime factors of 121249.
29, 37, 113
What are the prime factors of 4622100?
2, 3, 5, 7, 31, 71
List the prime factors of 6074806.
2, 23, 41, 3221
List the prime factors of 4671196.
2, 1167799
List the prime factors of 8385865.
5, 37, 45329
What are the prime factors of 228269?
67, 3407
What are the prime factors of 575339?
19, 107, 283
What are the prime factors of 4728183?
3, 53, 131, 227
List the prime factors of 6674.
2, 47, 71
List the prime factors of 204716.
2, 61, 839
What are the prime factors of 204478?
2, 19, 5381
List the prime factors of 444766.
2, 7, 31769
List the prime factors of 1608533.
443, 3631
What are the prime factors of 22173327?
3, 11, 97, 2309
What are the prime factors of 298329?
3, 277, 359
What are the prime factors of 23077?
47, 491
What are the prime factors of 46489?
46489
List the prime factors of 21947517.
3, 181, 499
List the prime factors of 29245815.
3, 5, 649907
What are the prime factors of 3075343?
3075343
List the prime factors of 29063.
29063
What are the prime factors of 2032005?
3, 5, 135467
List the prime factors of 276696.
2, 3, 7, 61
List the prime factors of 20226568.
2, 23, 37, 2971
What are the prime factors of 245233?
19, 12907
What are the prime factors of 28107001?
13, 17, 89, 1429
What are the prime factors of 373047?
3, 124349
List the prime factors of 170278.
2, 19, 4481
List the prime factors of 321393.
3, 149, 719
List the prime factors of 3718811.
367, 10133
What are the prime factors of 251054?
2, 125527
What are the prime factors of 14965?
5, 41, 73
What are the prime factors of 936266?
2, 468133
What are the prime factors of 1477405?
5, 23, 29, 443
What are the prime factors of 869910?
2, 3, 5, 107, 271
What are the prime factors of 86983?
13, 6691
What are the prime factors of 253721?
13, 29, 673
List the prime factors of 42772.
2, 17, 37
What are the prime factors of 734948?
2, 31, 5927
List the prime factors of 121702.
2, 7, 8693
List the prime factors of 3964335.
3, 5, 264289
What are the prime factors of 1058338?
2, 19, 27851
What are the prime factors of 2511371?
29, 86599
List the prime factors of 192258.
2, 3, 11, 971
List the prime factors of 3170424.
2, 3, 59, 2239
List the prime factors of 31173414.
2, 3, 19, 31, 8821
List the prime factors of 7633268.
2, 1908317
List the prime factors of 1239489.
3, 29, 1583
List the prime factors of 1761431.
7, 29, 8677
What are the prime factors of 702381?
3, 257, 911
List the prime factors of 876169.
7, 17881
List the prime factors of 389903.
389903
List the prime factors of 282311.
282311
What are the prime factors of 250413?
3, 83471
List the prime factors of 23007091.
79, 181, 1609
What are the prime factors of 4353350?
2, 5, 83, 1049
List the prime factors of 1445678.
2, 13, 55603
What are the prime factors of 4506575?
5, 180263
List the prime factors of 3124963.
3124963
List the prime factors of 199000.
2, 5, 199
What are the prime factors of 2999853?
3, 19, 53, 331
List the prime factors of 122599.
122599
List the prime factors of 18208663.
11, 23, 71971
List the prime factors of 2719154.
2, 1063, 1279
List the prime factors of 16732440.
2, 3, 5, 15493
List the prime factors of 3256042.
2, 307, 5303
List the prime factors of 7454444.
2, 61, 137, 223
List the prime factors of 522220.
2, 5, 26111
List the prime factors of 18620782.
2, 107, 87013
What are the prime factors of 608137?
89, 6833
What are the prime factors of 80422?
2, 79, 509
What are the prime factors of 19336578?
2, 3, 3222763
What are the prime factors of 7127692?
2, 11, 13, 17, 733
What are the prime factors of 5644513?
7, 61, 13219
List the prime factors of 13707719.
13707719
What are the prime factors of 393201?
3, 14563
List the prime factors of 184848.
2, 3, 3851
List the prime factors of 366162.
2, 3, 61027
What are the prime factors of 811217?
11, 29, 2543
List the prime factors of 425136.
2, 3, 17, 521
What are the prime factors of 2769416?
2, 13, 31, 859
What are the prime factors of 2226597?
3, 742199
What are the prime factors of 361895?
5, 72379
What are the prime factors of 3377370?
2, 3, 5, 103, 1093
List the prime factors of 39688.
2, 11, 41
What are the prime factors of 17980961?
31, 580031
List the prime factors of 269408.
2, 8419
What are the prime factors of 234408?
2, 3, 9767
What are the prime factors of 2934196?
2, 827, 887
What are the prime factors of 10367250?
2, 3, 5, 23, 601
What are the prime factors of 599477?
599477
What are the prime factors of 2789332?
2,